{"id":23,"date":"2020-03-30T08:31:03","date_gmt":"2020-03-30T05:31:03","guid":{"rendered":"https:\/\/tempblogi.samk.fi\/?page_id=23"},"modified":"2021-05-11T14:49:00","modified_gmt":"2021-05-11T11:49:00","slug":"ota-yhteytta","status":"publish","type":"page","link":"https:\/\/www.soteekki.fi\/blogi\/ota-yhteytta\/","title":{"rendered":"Ota yhteytt\u00e4"},"content":{"rendered":"\nSatakunnan ammattikorkeakoulu<br>\nPalvelukeskus Soteekki\n<strong>Puhelin<\/strong><br>\n044 710 3660 (arkisin klo 9-15)\n<strong>S\u00e4hk\u00f6posti<\/strong><br>\nsoteekki.pori(a)samk.fi\n<strong>K\u00e4yntiosoite<\/strong><br>\nSatakunnankatu 23<br>\n28130 Pori\n","protected":false},"excerpt":{"rendered":"<p>Satakunnan ammattikorkeakoulu Palvelukeskus Soteekki Puhelin 044 710 3660 (arkisin klo 9-15) S\u00e4hk\u00f6posti soteekki.pori(a)samk.fi K\u00e4yntiosoite Satakunnankatu 23 28130 Pori<\/p>\n","protected":false},"author":1,"featured_media":0,"parent":0,"menu_order":0,"comment_status":"closed","ping_status":"closed","template":"","meta":{"footnotes":""},"class_list":["post-23","page","type-page","status-publish","hentry"],"_links":{"self":[{"href":"https:\/\/www.soteekki.fi\/blogi\/wp-json\/wp\/v2\/pages\/23","targetHints":{"allow":["GET"]}}],"collection":[{"href":"https:\/\/www.soteekki.fi\/blogi\/wp-json\/wp\/v2\/pages"}],"about":[{"href":"https:\/\/www.soteekki.fi\/blogi\/wp-json\/wp\/v2\/types\/page"}],"author":[{"embeddable":true,"href":"https:\/\/www.soteekki.fi\/blogi\/wp-json\/wp\/v2\/users\/1"}],"replies":[{"embeddable":true,"href":"https:\/\/www.soteekki.fi\/blogi\/wp-json\/wp\/v2\/comments?post=23"}],"version-history":[{"count":7,"href":"https:\/\/www.soteekki.fi\/blogi\/wp-json\/wp\/v2\/pages\/23\/revisions"}],"predecessor-version":[{"id":221,"href":"https:\/\/www.soteekki.fi\/blogi\/wp-json\/wp\/v2\/pages\/23\/revisions\/221"}],"wp:attachment":[{"href":"https:\/\/www.soteekki.fi\/blogi\/wp-json\/wp\/v2\/media?parent=23"}],"curies":[{"name":"wp","href":"https:\/\/api.w.org\/{rel}","templated":true}]}}